 5*q(a). Suppose -67*p + 52 = -427 + 10. Calculate l(p).
7
Let a(t) be the second derivative of 7*t**4/12 + t**3/6 - t**2/2 - t. Suppose 132*h - 377*h = -245. Calculate a(h).
7
Let j(a) = 6*a - 1. Let w(l) = 16*l - 5. Let s(v) = 7*j(v) - 2*w(v). Give s(-6).
-57
Let q be -16*(1 + (-9)/6). Let v(n) = n + 1 - q - 4 + 6. What is v(3)?
-2
Let l(q) = 5*q**3 + 13*q**2 + 2. Let b(r) = 4*r**3 + 12*r**2 - r + 2. Let c(w) = -6*b(w) + 5*l(w). Calculate c(6).
-2
Suppose 6 = -0*r - 3*r. Let o(a) be the first derivative of -a**3/3 - a**2 + 6. Let f be o(r). Let c(g) = g**3 + g**2 - 8. Give c(f).
-8
Let v(i) = i - 19. Suppose -f = 6*f - 63. Determine v(f).
-10
Suppose 0 = -74*s + 77*s. Let d(j) = j - 9. Calculate d(s).
-9
Let j be (-3 - 60/(-18))/((-1)/(-3)). Let t(h) = 3*h**3 + 2*h**2 + h - 2. Give t(j).
4
Let u(l) be the second derivative of -1/3*l**4 + 39*l + 0*l**2 + 1/6*l**3 + 0. Give u(-1).
-5
Let h(j) = 3*j**3 - 2*j**2 - 6*j + 5. Let l(m) = -m**3 - m**2 + m - 1. Let f(k) = -h(k) - 2*l(k). Determine f(5).
-8
Let z(m) = m**3 - 4*m**2 - m + 4. Let q = 106 + -102. What is z(q)?
0
Let j(i) = -5*i - 9. Let p(u) = 11*u + 20. Let g(d) = 9*j(d) + 4*p(d). Determine g(10).
-11
Let k(y) be the first derivative of -y - 2/3*y**3 + y**2 - 4. Let l be 3*((-16)/(-6))/(-4). What is k(l)?
-13
Let f be (1 - 4)*(2 + -3). Let i(h) = 10*h**3 + 2*h**3 + 2*h**3 - 4*h**f. Calculate i(-1).
-10
Let c(f) = -3*f + 6. Let h = 178 - 125. Let u = -13 + h. Let g be 4/(-6) + u/6. Calculate c(g).
-12
Suppose -2*n - 3*n + 275 = 0. Let a(i) = 2 + 1 + 54*i**3 + i**2 - 4*i - n*i**3. Calculate a(2).
-9
Let c be 1/2 - 104/(-16). Let d(a) = -13*a**3 - 6*a**2 - 4*a. Let n(x) = -9*x**3 - 4*x**2 - 3*x. Let k(w) = c*n(w) - 5*d(w). Give k(1).
3
Let x(q) = 11*q - 4*q - 4 - 3 + 2*q**2 + 11. Calculate x(-3).
1
Let d be (4/(-8))/(1/(-6)). Let q(c) = 2 - c**3 - 11*c**2 - 2 + 3 + 13*c**2. Determine q(d).
-6
Suppose -63 = -2*q - 71. Let w be (1 - 6)/(q*(-3)/12). Let d(g) = g + 6. Calculate d(w).
1
Let g = 262 - 251. Let w(n) = -n**2 + 9*n + 9. Calculate w(g).
-13
Let j(p) = -p**2 + 6*p - 6. Let k be j(5). Let i(w) be the second derivative of -w**4/3 - 1871*w. Determine i(k).
-4
Let s(v) = -4*v + 13 - 4 + 0*v. Suppose 2*b = 8 + 2. Let q be b/2*2 + (0 - -1). Calculate s(q).
-15
Suppose 2*x = 4, -4*i + 5*i = 2*x + 17. Let g(o) = -45 - o + i + 19. What is g(6)?
-11
Let m(k) = 72*k + 10 + 73*k - 140*k - k**2. Let w = -7 - -6. Let x = 6 - w. Give m(x).
-4
Let p(v) = -166*v + 18 + 84*v + 81*v. What is p(14)?
4
Let q = 1/828 + 413/828. Let w(d) be the second derivative of -1/12*d**4 - 4*d + q*d**2 + 1/6*d**3 + 0. Calculate w(0).
1
Let z(f) = -f**3 + 4*f**2 - 2*f + 3. Suppose -g = l + 22 + 11, 0 = 5*l - 3*g + 165. Let c = l + 37. Give z(c).
-5
Let y(c) be the second derivative of -c**5/20 - c**4/3 - c**3 - c**2 + 2*c - 159. Determine y(-2).
2
Let c(a) = 14*a - 7. Let r(z) = -25*z + 14. Let h(p) = -11*c(p) - 6*r(p). Determine h(-3).
5
Let l(q) = 3*q**2 + q + 2. Suppose 0 = -2*r - 2*r + 8. Let j be -2*(-3)/r*(-4)/(-6). Give l(j).
16
Let y(n) be the first derivative of n**4/4 + 2*n**3 + 2*n**2 + 5*n - 981. Let a(u) = -u**3 + 6*u**2 - 5. Let b be a(6). Give y(b).
10
Suppose -5*g = -1 - 19. Let y(b) = -b**2 + 5*b. Calculate y(g).
4
Let b(u) = -2*u + 7. Let x be (-6)/(-45) + 33*46/90. Suppose -50 = -3*r + 5*p - 9, -3*r + x = p. What is b(r)?
-7
Suppose 4*q + 15 = 9*q. Let m(i) = -4 + 4*i + 0 + 6*i**2 + 1 + i**q. Let w(b) = b**3 - 23*b**2 + 33*b - 247. Let a be w(22). Give m(a).
2
Let k(u) = -u**3 + 4*u**2 + u + 12. Let g(m) = -m**3 + 13*m**2 + 9*m - 112. Let i be g(13). Determine k(i).
-8
Let n = -9 + 7. Let r(p) = -p**2 + 6*p + 3. Let s(d) = 6*d**2 - 31*d - 15. Let f = -45 - -34. Let g(c) = f*r(c) + n*s(c). What is g(-6)?
-15
Let o be ((-18)/(-15))/((-4)/(-10)). Let j(r) = 27*r**o - 19*r**2 - 8 + 12*r**2 - 28*r**3 - 4*r. Give j(-6).
-20
Let h be 4/2*2*-6. Let k be (-5)/(-40) + (-117)/h. Let w(i) = -i**3 + 4 - 2*i**2 + k*i**2 - 6*i + 3*i**2 + 1. Give w(5).
0
Let k(i) = -97*i + 190*i - 95*i + 2. Let q be 4/24 - (-58)/12. Determine k(q).
-8
Let p(s) = 2*s**2. Let q(f) = -7 + 7*f + f**2 - f**2 - 4 - f**2. Let h be q(2). What is p(h)?
2
Let h(k) = 4*k + 2 - 2*k - 7*k. What is h(1)?
-3
Let h be -1 + (1 + 1 - -1). Let j(n) = 6 + 3*n**2 + 2*n**h - 4*n**2 + 7*n - 1. Suppose -6*t - 282 + 246 = 0. Give j(t).
-1
Let w be (-15)/(-85)*1139/201. Let g(a) = -a + 7. Let d be g(5). Let r(k) = 14*k**3 + 0*k**d - 2*k + k**2 + k. What is r(w)?
14
Let i(o) = -3*o**3 + 2*o**2 - 3*o. Suppose 109*s - 16 = 101*s. Give i(s).
-22
Let b(t) be the second derivative of 1/2*t**2 + 0 + 0*t**3 - 1/4*t**4 - 9*t. Give b(1).
-2
Let g be (-1)/(0 - 1) + (-8 - -16). Let k be 7/(-3) - (24/g + -2). Let c(u) = 0*u - 2*u**2 - 4*u + u**2 + 0*u. Determine c(k).
3
Let h(j) = 2*j**2 - 9*j - 5. Let c be (-2)/(((-8)/(-6))/4). Let z(w) = 4*w**2 - 19*w - 10. Let u(b) = c*z(b) + 13*h(b). Calculate u(4).
15
Let m(h) = h**2 + 6*h + 7. Let b be m(-5). Let j(q) = 4*q**2 - 2. Let k(z) be the first derivative of -z**3 + 2*z + 25. Let v(l) = b*j(l) + 3*k(l). Give v(0).
2
Suppose -21 - 12 = -11*y. Let j(m) = -3*m - 1. Determine j(y).
-10
Let q(x) = x**2 + 4*x - 1. Let j(g) = g**3 + 2*g**2 + 2*g + 1. Let b(c) = 18*c**2. Let i be b(1). Let l = 16 - i. Let m be j(l). Determine q(m).
-4
Let p(q) = q**3 + 7*q**2 - 6*q - 1. Let o(l) = -2*l**2 - 70*l - 140. Let z be o(-33). Give p(z).
-17
Let c(b) = b**2 + 3*b + 1. Suppose 108 = -32*p + 36*p. Suppose p*y - 24*y = 9. What is c(y)?
19
Let u(q) = q**2 - 14*q + 42. Let r be u(8). Let h(a) = a - 7. Calculate h(r).
-13
Let t(m) = -126 - 14*m + 62 + 65. Calculate t(1).
-13
Let r(v) be the third derivative of -v**5/60 - 5*v**4/24 + 5*v**3/3 + 8*v**2 + 36*v. Give r(-5).
10
Let m(q) = 3*q + 5. Let k be 2/8 - (-9)/(-36). Give m(k).
5
Let j(r) = r**2 - 10*r + 5. Let a(g) = -2*g**2 + 22*g - 11. Let o(w) = 2*a(w) + 5*j(w). Determine o(7).
10
Let f(o) be the first derivative of -2*o**3/3 - 2*o + 289. Give f(2).
-10
Let y(i) be the second derivative of -i**5/20 - i**4/4 - i**3 - 3*i**2 + i + 6. Calculate y(-4).
34
Suppose -3*a - 9 = -11*z + 8*z, -3*a + 4*z = 5. Let v(s) = -s**3 - 7*s**2 + s - 3. Give v(a).
-10
Let t(q) be the third derivative of 0*q + 1/4*q**4 + 19*q**2 - 5/6*q**3 + 0 - 1/60*q**5. Suppose 6*o - 6 = 4*o - 2*v, 0 = -3*o - 2*v + 10. What is t(o)?
3
Let x(j) = -4*j - 8. Let k be x(-3). Let z(d) = 3 - 5 - 3 - d - k. Determine z(-4).
-5
Let q(b) = -5*b + 3. Let c be (-19)/12*2 - 351/(-2106). Give q(c).
18
Let f(y) = 29 + 7*y**2 - y**3 + 25 - 63 - 8*y + 26. Determine f(6).
5
Let c be 13 - (1 - 0)*(9 + -7). Suppose 0 = -c*d + 13 - 2. Let m(i) be the third derivative of -i**6/20 + i**5/30 - i**4/12 + i**3/6 + i**2. What is m(d)?
-5
Suppose -3*y - 16 = -19. Let j be -3*y + (-8)/(3 + -1). Let n(p) = p**3 + 7*p**2 + p + 3. Give n(j).
-4
Let i(k) = -1526*k**2 + 768*k**2 + k + 762*k**2 - 2 - 2*k**3. Give i(2).
0
Let i(f) = f**2 - 1. Let g(z) = 9*z**2 - z - 9. Let t(d) = -g(d) + 3*i(d). Let h(y) = -y**2 - y + 1. Let c(j) = 5*h(j) - t(j). Determine c(5).
-6
Suppose 3*i = 3*b - 129, -i - 3*b - 4 = 19. Let c = -39 - i. Let s(o) = -1 - o + 1 + 5*o**2. Determine s(c).
6
Let r(l) be the second derivative of -5*l - 4/3*l**3 + 3/2*l**2 - 1/12*l**4 + 0. Let a be 12*(2 + 20/(-8)). Calculate r(a).
15
Let c(u) = -2*u**2 + 1. Suppose -4*v = -l + 5, -9*l - 2 = 4*v - 7*l. What is c(v)?
-1
Let g(f) = -3*f + 4. Let p(v) = v**2 - 10*v - 1. Let z be p(-4). Let l = z - 59. What is g(l)?
16
Let j = -323 - -324. Let u(t) = -t**2 + 2*t - 1. What is u(j)?
0
Let l(z) = -z**3 - 8*z**2 - 8*z. Suppose u - 29 + 10 = -5*q, -37 = 2*u - 5*q. Give l(u).
-24
Let y be (21 - 22)/1*-4. Let t(j) be the first derivative of 1/2*j**2 + 1/4*j**4 - 5/3*j**3 + 1 + 5*j. Give t(y).
-7
Let b(u) = -u**2 - 2*u + 1. Let x(l) = 5*l**2 + 10*l - 5. Let p(s) = -6*b(s) - x(s). What is p(-3)?
2
Let w(s) = -s**3 + 15*s**2 - s + 12. Let n(k) = 3*k**3 - 29*k**2 + 3*k - 23. Let b(l) = -2*n(l) - 5*w(l). Give b(-17).
3
Let s(q) be the second derivative of 2*q**3/3 - 17*q**2/2 - 2*q + 168. Determine s(2).
-9
Let j be (-18)/(1 - -5) - 7. Let g(n) = -n + 12. Determine g(j).
22
Let w(b) = -2*b**3 + b**2 - 620*b - 623*b - 9*b**2 + 1245*b - 4. Give w(-4).
-12
Let y(b) = -b**3 - b**2 - 2*b - 22. Let p(m) = m**2 -